ctor of q and 7.
7
Suppose 18*c - 9*c - 16533 = -0*c. Calculate the greatest common factor of c and 11.
11
Let c(x) = 243*x + 232*x - 466*x - 23. Let d be c(11). What is the highest common factor of 912 and d?
76
Suppose -5*y + 19 = -36. Suppose -435*o + 5834 + 25570 + 59511 = 0. Calculate the highest common factor of y and o.
11
Let n be 1/(6386/3192 - (-310)/(-155)). What is the highest common divisor of n and 336?
84
Let o = -8487 + 9183. Calculate the highest common divisor of 1653 and o.
87
Let f be 4*3/(-9)*-6. Let y(x) = 9*x - 29. Let r(m) = -26*m + 88. Let p(o) = -3*r(o) - 8*y(o). Let v be p(16). Calculate the greatest common divisor of f and v.
8
Suppose 54*q = 49*q - 5, 2*q = -h + 214. Suppose -37*v + 1067 = h. What is the highest common divisor of v and 989?
23
Let n(l) = 28*l**2 - 52*l + 51. Let s be n(1). Suppose -r = 2*t - 233, -4*t - 1727 = -5*r - 492. Calculate the greatest common factor of r and s.
27
Let g = 21 + 39. Let u = 1050 - 1044. Calculate the highest common divisor of u and g.
6
Suppose 0 = 4*b + 5*n - 830, -414 = -b - b - 3*n. Let k be (-71)/((-50)/15 + 3). Let d = -183 + k. Calculate the greatest common divisor of b and d.
30
Suppose 4*t + 2*p = 166 + 50, t = 4*p + 27. Calculate the greatest common factor of 6239 and t.
17
Let y = 3752 - 3727. Calculate the greatest common divisor of y and 190.
5
Let o be 21 - (-1755)/234*2*(-1)/3. What is the greatest common divisor of 1080 and o?
8
Let h be (24/84 - (-159)/7) + 5. Suppose 2*f = -22 + 30. Calculate the greatest common factor of f and h.
4
Suppose -4*u = -5*u + 700. Let j be ((-210)/175 - 16/(-20))*-70. Calculate the highest common divisor of u and j.
28
Let r = 177 - 240. Let p be (42/r)/(2/(-819)). What is the highest common factor of 13 and p?
13
Suppose -y - 2*r + 675 = 0, 21*y - 4*r + 3393 = 26*y. What is the greatest common factor of y and 9?
3
Let o be 13 - ((-6)/(-2 + -4) + 3). Suppose -3*m = -12, -o*f + 29 = -3*m - 31. What is the greatest common factor of 16 and f?
8
Suppose 4*k - 505 = -k. Let w = -94 + k. Let d be 65/(-10) + w - (-54)/4. Calculate the greatest common factor of 21 and d.
7
Let b(p) = 182*p + 560. Let l be b(-3). What is the highest common factor of l and 98?
14
Suppose -121*y - 7735 = -138*y. What is the highest common factor of 39 and y?
13
Suppose 5*z - 16 = 4. Suppose 0 = -2*p + 2*t - 6, -t + z = -0. Let l be 15 - 1/(-1*p/(-2)). Calculate the highest common factor of l and 52.
13
Let w be (-10)/(-35) - 1480/(-14). Suppose 5*y = 3*b + y + w, 3*b + 4*y = -98. Let r = 36 - b. What is the greatest common divisor of r and 35?
35
Suppose 252*f - 423 = 111*f. Calculate the greatest common divisor of 328 and f.
1
Let g be (114/(-22) - -5) + 10818/(-33). Let b = g - -338. Calculate the greatest common divisor of b and 70.
10
Let f(c) = 15*c**2 - 130*c - 143. Let a be f(-39). What is the highest common factor of a and 286?
286
Let v = 105 + -114. Let y be (54/(-16))/v - 282/(-16). Calculate the highest common factor of y and 6.
6
Let y be (-8557)/(-7) + 285/(-665). Calculate the greatest common divisor of 130 and y.
26
Suppose -3*t = -s - 98, 3*t - 40 = 2*t + 4*s. Suppose 35 = 1325*z - 1330*z, 0 = 4*n - z - 327. What is the greatest common factor of n and t?
16
Suppose 0 = y - 5*t - 1745, -9*t - 7018 = -4*y - 8*t. Calculate the highest common factor of 130 and y.
65
Let w(m) = -m**3 + 26*m**2 - 24*m - 999. Let i be w(23). Let r be ((-84)/(-5) + 4)*30/4. Calculate the highest common factor of i and r.
12
Let y be (6*(-7)/28)/(6/(-28)). Let m(z) = z**3 - 28*z**2 - 28*z - 21. Let x be m(29). What is the highest common divisor of x and y?
1
Let d(p) = -p**2 - 72*p - 371. Let z be d(-17). What is the highest common divisor of z and 423?
141
Suppose 5*o - 2238 = -o. Let u = o + -39. Let p = 478 - u. What is the greatest common factor of p and 16?
16
Let m(o) = 4*o**2 + 36*o + 468. Let u be m(-36). Calculate the greatest common factor of u and 36.
36
Suppose 16*k - 18 = 19*k, -417 = -b - 3*k. What is the highest common divisor of 87 and b?
87
Let y = -6 + 10. Let q be y/(-14) - 107/(-7)*1. Suppose 0 = -2*f + 8, -5*b + 63 = -11*f + 8*f. What is the highest common factor of b and q?
15
Let t(m) = 5*m**2 - m - 150. Let i be t(-17). Calculate the greatest common divisor of 246 and i.
82
Let p = -245 - -254. Suppose 0 = -b + 55 - p. Calculate the greatest common divisor of 184 and b.
46
Let g be (4 - -2) + (-1)/1. Let x(f) = f**2 - f + 7. Let a be x(g). Calculate the highest common factor of a and 297.
27
Suppose 8 - 32 = -q. Let h be 168 + 9/(54/q). Calculate the highest common factor of h and 129.
43
Suppose 3*c - 17 = -5*f + 1841, -12 = -2*c. Calculate the greatest common factor of 976 and f.
16
Let n(w) = w**3 - w**2 + 3*w. Let m be n(3). Let x be (m + -17)*6/4. Suppose -3*j - x + 36 = 0. Calculate the highest common divisor of j and 28.
7
Let l be -1 - ((-5 - -111) + 4). Let k = 119 + l. What is the highest common factor of 64 and k?
8
Let m(k) = 3*k + 4. Let a(c) = c + 3. Let u(f) = -9*a(f) + 4*m(f). Let b be u(21). Calculate the greatest common divisor of b and 13.
13
Suppose -8*t = -4*t - 600. Suppose 0 = 1079*j - 22687 - 20473. What is the highest common factor of j and t?
10
Let v = 15 + -5. Suppose -4 - 4 = -4*m. Suppose d - 8 - m = 0. What is the highest common divisor of d and v?
10
Let s = 3 + 6. Suppose 2*p = -5*d + 19, 5*p - 22 = -d - s. Suppose -168 = -d*q - q. What is the greatest common factor of q and 18?
6
Let s be (-3 - -3)/4 - 7*3. Let r = s + 16. Let i be (r - -8) + (0 - 1). What is the greatest common factor of i and 10?
2
Let d(s) = s**2 + 210*s - 2193. Let j be d(10). Suppose 2*z = 1 - 3. Let f be (z - -8)*(3 + 1). Calculate the highest common factor of f and j.
7
Let l = -308 + 312. Suppose 6*c - l*c = 120. What is the highest common divisor of 50 and c?
10
Suppose 0 = -4*l - 3*k + 60, -5*l + 3*k = 6*k - 75. Suppose 15*f = 19*f, -2*f = -5*i + 1725. What is the greatest common divisor of i and l?
15
Let a = -34 - -38. Let y be (-32)/(-48) - 626/(-6). Suppose -z + 2*f + 10 = 0, z - 6*z - f + y = 0. What is the greatest common divisor of z and a?
4
Let b be (-1)/(-5) + 1186/(-5). Let a = -235 - b. Let p(g) = -2*g**3 - 9*g**2 - 4*g + 4. Let s be p(-4). What is the greatest common factor of s and a?
2
Suppose 37*w - 89787 + 79945 = 0. What is the greatest common factor of 646 and w?
38
Let f = -47 + 53. Let j be 15 + ((-36)/48 - f/(-8)). Calculate the greatest common factor of j and 65.
5
Let f be (2 - (-19)/(-2))/(195/(-27690)). What is the greatest common factor of 639 and f?
213
Suppose n - 140 = 4*h, -5*h + 0*h = 2*n - 280. Let x = 1331 + -1303. Calculate the greatest common divisor of x and n.
28
Suppose 3*k + 2*z + 1 + 9 = 0, -k + 5*z = 9. Let i be (k + 24/9 - -1)*-63. Calculate the highest common factor of 56 and i.
7
Suppose 25*b = 35078 + 14422. Suppose -14*w = -3*w - b. What is the highest common divisor of w and 18?
18
Let i(n) = n**2 - 41*n - 64. Let w be i(43). Let g = -1 - -5. Suppose -g*o + 700 = -4*s, 0*s - 5*s = 2*o - 357. Calculate the highest common divisor of w and o.
22
Let h(f) = f**2 + 2*f - 1. Let a(y) = 4*y**2 + 5*y - 3. Let u(t) = -a(t) + 5*h(t). Let o be u(-10). What is the highest common divisor of 264 and o?
24
Suppose c - 412 - 21 = 5*w, c + 83 = -w. Let z = -84 - w. Suppose 6 = i - z. What is the highest common divisor of i and 72?
8
Suppose 6668 = 3*y + 77*r - 72*r, 2*r + 2230 = y. Calculate the greatest common divisor of y and 21.
21
Let b = -219 - -622. Suppose 18 = 3*n - 2*y - 7, -3*n + 53 = 2*y. Calculate the greatest common factor of n and b.
13
Suppose -934*j + 1002*j - 6528 = 0. Calculate the greatest common divisor of 1284 and j.
12
Let i = -1193 + 1838. Suppose 0 = -8*p + i - 389. Calculate the highest common divisor of 168 and p.
8
Let p(d) = -3*d - 46. Let r(l) = -2*l + 1. Let j(c) = -p(c) + 4*r(c). Let b be j(3). What is the highest common factor of b and 35?
35
Suppose 2*t - 5*v - 46 = -9, -3*v + 15 = 5*t. Suppose t*u = 14*u - 3400. What is the greatest common factor of 25 and u?
25
Let w be -9*(3 - (3 + (6 - 4))). Let k be ((-168)/16 + 10)*-126. Calculate the greatest common divisor of k and w.
9
Let l = 15494 - 15468. What is the greatest common factor of 15145 and l?
13
Let j = 170